 + -220 - -124 - (-2 + (-8 - -2))?
-8
Evaluate (-12 + -44 - -53 - (4 - (0 + 3))) + -61.
-65
Calculate -98 - (-16 - (77 - 54)).
-59
What is -35 + (1 - -34 - 32)?
-32
What is 0 + -15 - (110 - (-21 + 110))?
-36
What is the value of 5 + 6 + (-84 - -2) - (83 + -93)?
-61
Evaluate -121 - 46 - (-170 + 106).
-103
What is -55 - (17 + 31 + -81)?
-22
What is the value of (0 - -11) + -151 + 129?
-11
Calculate 67 - (-36 + 22 - -35).
46
-39 - ((32 - 27) + 8 + -30)
-22
What is -21094 - -21121 - ((-3 - -1) + 71)?
-42
What is the value of (48 - 65) + -147 + 78?
-86
Evaluate -17 - ((-203 - -169) + (18 - -3)).
-4
-7 + (12 - (12 + -11 + -10 + 19))
-5
(-7 - (-19 + 9)) + -7 - (5 - 10 - -12)
-11
-48 + (-4 + 1 - (66 - 60))
-57
What is the value of (23 - (-30 + 36)) + -28?
-11
What is the value of 14 + 67 + 568 + -582?
67
What is 6 + (88 + -121 - -104)?
77
What is the value of (-8065 - -8030) + (73 - 1)?
37
Evaluate 7 + -6 + (-20 - 4) - -20.
-3
Calculate 21 - (28 + (-1 - (-35 - -18))) - -162.
139
Calculate -34 + 25 - (16 - -20).
-45
(38 + -86 - -37) + (-3 - -4 - -47 - -1)
38
Calculate -78 + 20 - -34 - (-71 + -1).
48
Evaluate 32 + 3 + (25 - (-19 + 29)).
50
4 + 7 + -15 + (54 - 48)
2
-283 + 295 + 0 + -7 + 2 + -25
-18
What is the value of (-1 - 8) + (-4 - -2) + 11?
0
Calculate 73 + (43 - 25) + -45.
46
-14 + -10 + 2 + 20 - (-6 - -1) - -47
50
What is the value of 1 + 17 + -1 - (-890 - (-738 + -198))?
-29
37 + -40 + -52 - (-9 - -1 - -3)
-50
Evaluate -1 + -5 - (12 + 0 + -7 + 4 - 49).
34
What is 44 + (-153 - -66 - -67)?
24
(13 - 12) + -81 + 2 + (4 - 65) + 58
-81
Calculate -95 - (80 - (-14 - -90)).
-99
-26 + (-7 - (11 + -28 - -14))
-30
Evaluate -41 - ((-6 - (-45 - -29)) + -5 + 1).
-47
Calculate (1 - -19) + (-11 - -3 - 16 - -14).
10
What is the value of -723 - -666 - (-20 - 1)?
-36
Calculate -24 + 21 + 11 - 16 - -39.
31
What is the value of -5 + (6 - (-1 + -10 + 9)) + 40?
43
What is the value of 64 - (49 + (-26 - 15 - 1))?
57
Evaluate (7 - 4) + 33 - (6 - -15).
15
What is (116 - (112 + 33)) + -87?
-116
What is (0 + -6 - (0 + 5)) + (-27 - -61)?
23
Evaluate 39 + -5 - (53 + -33 + -35).
49
Evaluate 2 + 5 + -3 - (-150 - -162).
-8
Calculate (22 - 11) + 10 - (-1 + -13).
35
What is -27 + (-10 - (-10 + (15 - 28)))?
-14
What is 68 - (-19 + 115 - 62)?
34
Calculate -53 - (-25 + 65 - (35 - 21)).
-79
What is 17 - (87 - 33 - (-4 - 5))?
-46
What is the value of (0 - -14) + (2908 - 2903)?
19
Calculate -17 - -3 - (-2 + 29) - -4.
-37
Evaluate (-42 - (29 - 77)) + (0 - 1).
5
Calculate -51 + -23 + 12 + 47 + -15 + -21.
-51
2 + 6 + (6 - (-6 + 5)) + 21 - 9
27
Evaluate -434 + 467 + 1 + -33 + -8 + -1 + -116.
-124
Evaluate (-820 - -804) + (-3 - ((-1 - 2) + -6 + 7)).
-17
(-5 - -25 - -1 - -1) + -3 - (-2 + -7)
28
Evaluate (-4 - -1) + 46 + 11 - (122 + -119).
51
Evaluate -25 - (-51 - (2 + -47)).
-19
Calculate 11 + (10 - -27) - (9 + 2 + (4 - 5)).
38
2 + (-1 - -10) - (16 + 21 + -39 + 1)
12
29 - (2 + (7 - 23)) - (1 + 10)
32
What is the value of 29 + 6 + (-13 - 9) - 6 - (3 + -21)?
25
(53 - (17 + -32)) + 216 + -178
106
Calculate (82 - 113) + (14 + 13 - -4).
0
What is (59 - (96 - -10)) + 23 + -4?
-28
Evaluate -10 - ((-33 - -5) + 5 + 5 + 0) - 62.
-54
Calculate 2 + -9 + 160 + -35 + -17 + -32.
69
What is the value of (4 + 49 - 68) + 49?
34
-21 + 2 - (-17 - (-29 - -76))
45
What is 7 - (-19 + 18 + -30) - (0 + -2)?
40
What is 15 + (-45 - (-16 - 8)) - (-42 + (1 - -4))?
31
(-26 - (-79 - -10)) + -11 + 2 + 7
41
Evaluate 22 - 3 - (1 - (-33 + 20 + -21)).
-16
What is 125 + (-24 - -9) - 198?
-88
Calculate (-6 - -14 - 4) + (-57 + 18 - -11).
-24
Evaluate 124 - ((57 - (-7 - 1)) + -37).
96
What is 35 + (-1 - 9) + 6 - 13 - 2?
16
What is (13 - (92 - -160)) + 93?
-146
What is -8 + (-4 + 15 - (-1 + -23 + 33))?
-6
-29 + -12 + (-15 - -38) + 5 - (-2 + 9)
-20
677 + -694 - (-10 - 9)
2
Calculate 57 - (44 + 57 + -100).
56
What is the value of 19 - ((-2 - -47) + (20 - 2))?
-44
What is the value of -20 - (565 + -572 - (1 - -69))?
57
Evaluate 9 - (-10 - 0 - (-4 - (-9 - 3))).
27
What is the value of (-1 - 1) + 15 - (25 + 55 + -27)?
-40
(34 - (-7 + -5 - 3 - -36)) + -103
-90
What is the value of -6 + (-54 + 47 - -4 - (-79 - -1))?
69
What is the value of 16083 - 16081 - (1 + 108)?
-107
Evaluate -166 + 35 + 273 + -37 + -1.
104
Calculate (0 - 6) + (-3621 - -3621).
-6
(19 - (13 + 4)) + 75 + -10 + 2
69
What is the value of -11 + (32 - (8 + -31)) + -24?
20
Evaluate (7 - 1 - (22 + -35 + 18 + -4)) + -6.
-1
What is -12 - (107 + 3) - (-3 - 16)?
-103
What is 19 - -2 - ((-372 - -381) + (-4 - 1))?
17
-15 - (-14 + 32 - 19) - 14
-28
What is the value of 37 + 4 + -5 - (-9 + 32)?
13
(89 + -36 - 72) + 78
59
Evaluate (56 + -29 - -21) + -90.
-42
Calculate -23 - (-1 - 14 - (13 + -24)) - -6.
-13
Evaluate (-35 - -49 - (-32 + 8 + 1)) + 9 - 10.
36
Calculate 6 + (-1 - -28 - 17) + -2 + 15.
29
Evaluate -164 + 84 - (-17 + 17).
-80
Evaluate -57 + 58 - (53 + 11).
-63
What is -1 - -8 - (-5 + 11 - (8 + -8 + -16))?
-15
Evaluate 40 - ((-10 - -36) + -2).
16
Calculate -11 + -6 - -5 - (-17 + -2) - -32.
39
What is the value of (23 - (1 + -20) - 14) + 5?
33
Evaluate (24 - (-2 + 9)) + -19 + -11 + -74.
-87
Calculate -20 + (-23 - (-15 + 5 + 5)).
-38
-41 + 44 + -9 + -20 - -52
26
Evaluate -10 + 61 + (-4 + 3 + 8 + -3 - -11).
66
What is 4 - 153 - (-1747 + 1504)?
94
-50 + 305 + -90 + -6 + -42
117
-15 - (-43 + 75 - 60)
13
What is the value of 62 + (138 + -283 - -98)?
15
-21 - (-47 + 57 - 2)
-29
Evaluate -54 + 13 + 25 - -59.
43
What is the value of (47 - -13) + (29 + -10 - -6)?
85
What is 5 + -24 + 5 + -12 + 22 + -3?
-7
Evaluate (21 + 1 - 9) + (117 - (4 + (7 - -8))).
111
What is -72 - (80 + (81 - 268))?
35
Calculate -15 + (-15 - -18) + 27.
15
Calculate (1615 - 1583) + 3 + (-22 - 3).
10
What is the value of 26 - (40 + -18) - (0 + -5)?
9
What is -29 - (-1 - 1) - (-43 - (-38 + -1 + 9))?
-14
Evaluate 11 + -21 - -36 - 9 - (-8 - 3).
28
40 + (-47 - 1) + 48
40
Evaluate (128 - -1) + 1699 + -1692.
136
Calculate 114 + (-18 - 43) - 23.
30
Calculate (0 + -8 - -32) + -24 - 66.
-66
Calculate -287 + 31 - (-105 - 22).
-129
What is the value of -13 - (30 - (-4 + 0))?
-47
What is the value of (-4 + 10 - 2) + (67 - 76) + 36?
31
What is -5 + (23 - 8 - -7) + 0 + -7?
10
(-5 - (67 - 2)) + 6 - (-3 + 4)
-65
What is the value of -65 - (12 - (-3 + -7 + (87 - 73)))?
-73
Evaluate (6 - (-4 - -5)) + 215 + -182.
38
Evaluate -3 + 19 + (50 - 39 - (97 + 2)).
-72
What is -4 + -17 - (419 + -483)?
43
What is the value of 18 + (-13 - (48 - 21))?
-22
What is -114 - ((0 - 0) + -307 + 281)?
-88
What is -2 - -11 - (-31 + (62 - (-40 + 13)))?
-49
(-12 - (-18 + 9 - 10 - -9)) + -65 + -27
-94
What is the value of -38 + 65 - 3 - ((-6 - -3) + 10)?
17
(24 - (22 - 6) - ((5 - 4) + 7)) + 56
56
What is the value of (-9 - -9) + 20 + (10 - 19)?
11
Calculate -44 + 33 + 66 - 78.
-23
Evaluate (9 - (-61 + 37)) + -4.
29
What is 16 - (37 + -24 + -17 + -22)?
42
Calculate (-14 - 3) + (33 - 41) + -53 + (-2 - -11).
-69
What is the value of 57 + -9 + -43 - 42?
-37
Evaluate -1 - -35 - (1 - (-9 + 14 + -14)).
24
What is -50 + (7 - (9 - 18) - (39 + -19))?
-54
-81 - (-22 + 8 - (5 - (8 + 6)))
-76
Evaluate (-17 - (2 + 2 + -4)) + -791 + 749.
-59
9 + 66 + 87 + -83 + (0 - 17)
62
Evaluate 54 + -40 + -9 + -17.
-12
What is the value of (-2 - (2 + -1)) + (233 - 48 - 198)?
-16
-2788 + 2862 + (3 - 32 - -1)
46
Evaluate 664 - 653 - (3 + -22).
30
Calculate -35 - -1 - (-11 + 27 - 4 - (-3 + 25)).
-24
(5 - 18) + -8 - (39 - 109)
49
Calculate 157 + -152 + (14 - 32).
-13
Evaluate (-153 - (-3 - -2)) + -17089 + 17120.
-121
What is the value of (-1 - 0) + 39 - (-56405 + 56402)?
41
What is the value of (5 - 3 - (-30 + 36)) + (6 - 0)?
2
Evaluate 17 - (-1074 - -1042 - (-126 - -1)).
-76
What is the value of (-40 - -20) + (0 - (-17 + -20))?
17
-19 - -55 - (-32 + 7 - -8)
53
What is the value of 43 - (7 - (42 + -43))?
35
31231 + -31222 - ((-17 - 0) + 0)
26
What is -5 + (-2 - -7) - (-3 - (-3 - -8))?
8
What is the value of (-51 - 7) + 20 - -9?
-29
What is -6 - ((-17 - -5) + 5 + 23) - -4?
-18
Evaluate (9 - (14 - (-9 - -6))) + 4 + -50 - 5.
-59
What is (-6 - (-259 + 117)) + -173?
-37
What is the value of 57 + 12 + (-4 - -8) - (4 - 13)?
82
What is the value of 3 - (2 - -10) - (-21 + 99 + -27 + -13)?
-47
Calculate -57 + ((19 - 22 - 15) + 29 - (-3 - -1)).
-44
What is the value of (9 - (7 - (-6 + 64))) + (-1